{"id":400,"date":"2026-02-10T00:48:53","date_gmt":"2026-02-10T00:48:53","guid":{"rendered":"https:\/\/medtempl.cz\/pharm\/?post_type=product&#038;p=400"},"modified":"2026-02-10T00:48:54","modified_gmt":"2026-02-10T00:48:54","slug":"endunad","status":"publish","type":"product","link":"https:\/\/medtempl.cz\/pharm\/product\/endunad\/","title":{"rendered":"EnduNAD"},"content":{"rendered":"<p class=\"font-claude-response-body break-words whitespace-normal leading-[1.7]\">V dne\u0161n\u00ed usp\u011bchan\u00e9 dob\u011b, kdy se pot\u00fdk\u00e1me s neust\u00e1l\u00fdm stresem, fyzickou z\u00e1t\u011b\u017e\u00ed a vysok\u00fdmi n\u00e1roky na v\u00fdkonnost, hled\u00e1 st\u00e1le v\u00edce lid\u00ed zp\u016fsoby, jak podpo\u0159it sv\u00e9 t\u011blo a udr\u017eet vysokou \u00farove\u0148 energie. Chronick\u00e1 \u00fanava, sn\u00ed\u017een\u00e1 koncentrace a pocit vy\u010derp\u00e1n\u00ed se st\u00e1vaj\u00ed b\u011b\u017en\u00fdmi probl\u00e9my modern\u00edho \u010dlov\u011bka. Pr\u00e1v\u011b proto byl vyvinut EnduNAD \u2013 inovativn\u00ed dietn\u00ed dopln\u011bk zam\u011b\u0159en\u00fd na podporu kl\u00ed\u010dov\u00fdch energetick\u00fdch proces\u016f v organismu.<\/p>\n<h2 class=\"text-text-100 mt-3 -mb-1 text-[1.125rem] font-bold\">EnduNAD &#8211; stru\u010dn\u00fd popis<\/h2>\n<p class=\"font-claude-response-body break-words whitespace-normal leading-[1.7]\">EnduNAD p\u0159edstavuje pokro\u010dil\u00fd dietn\u00ed dopln\u011bk vyvinut\u00fd pro osoby, kter\u00e9 cht\u011bj\u00ed udr\u017eet optim\u00e1ln\u00ed hladinu NAD+ v organismu. Tento kl\u00ed\u010dov\u00fd koenzym hraje z\u00e1sadn\u00ed roli v energetick\u00fdch procesech prob\u00edhaj\u00edc\u00edch na bun\u011b\u010dn\u00e9 \u00farovni a jeho dostate\u010dn\u00e9 mno\u017estv\u00ed je nezbytn\u00e9 pro spr\u00e1vn\u00e9 fungov\u00e1n\u00ed t\u011bla.<\/p>\n<p class=\"font-claude-response-body break-words whitespace-normal leading-[1.7]\">Produkt byl navr\u017een s ohledem na pot\u0159eby modern\u00edho \u010dlov\u011bka, kter\u00fd \u010del\u00ed intenzivn\u00edmu \u017eivotn\u00edmu stylu, stresu a fyzick\u00e9 z\u00e1t\u011b\u017ei. EnduNAD podporuje p\u0159irozen\u00e9 mechanismy t\u011bla spojen\u00e9 s produkc\u00ed NAD+ a synt\u00e9zou cysteinu, co\u017e jsou l\u00e1tky kl\u00ed\u010dov\u00e9 pro bun\u011b\u010dn\u00e9 zdrav\u00ed a regeneraci.<\/p>\n<p class=\"font-claude-response-body break-words whitespace-normal leading-[1.7]\">Dopln\u011bk je obzvl\u00e1\u0161t\u011b vhodn\u00fd pro fyzicky aktivn\u00ed jedince, sportovce a v\u0161echny, kdo poci\u0165uj\u00ed \u00fanavu a hledaj\u00ed zp\u016fsob, jak zlep\u0161it svou vitalitu, koncentraci a produktivitu. D\u00edky pe\u010dliv\u011b vybran\u00fdm ingredienc\u00edm podporuje EnduNAD t\u011blo p\u0159i jeho ka\u017edodenn\u00edch v\u00fdzv\u00e1ch a pom\u00e1h\u00e1 udr\u017eovat energii na vysok\u00e9 \u00farovni.<\/p>\n<h2 class=\"text-text-100 mt-3 -mb-1 text-[1.125rem] font-bold\">Slo\u017een\u00ed a \u00fa\u010dinky EnduNAD<\/h2>\n<p class=\"font-claude-response-body break-words whitespace-normal leading-[1.7]\">EnduNAD obsahuje unik\u00e1tn\u00ed kombinaci \u00fa\u010dinn\u00fdch l\u00e1tek, kter\u00e9 byly vybr\u00e1ny na z\u00e1klad\u011b v\u011bdeck\u00fdch poznatk\u016f o metabolismu NAD+ a bun\u011b\u010dn\u00e9 energetice. Ka\u017ed\u00e1 slo\u017eka p\u0159\u00edpravku m\u00e1 specifickou roli v podpo\u0159e organismu.<\/p>\n<p class=\"font-claude-response-body break-words whitespace-normal leading-[1.7]\"><strong>Kl\u00ed\u010dov\u00e9 ingredience a jejich p\u016fsoben\u00ed:<\/strong><\/p>\n<ul class=\"[li_&amp;]:mb-0 [li_&amp;]:mt-1 [li_&amp;]:gap-1 [&amp;:not(:last-child)_ul]:pb-1 [&amp;:not(:last-child)_ol]:pb-1 list-disc flex flex-col gap-1 pl-8 mb-3\">\n<li class=\"whitespace-normal break-words pl-2\"><strong>Prekurzory NAD+<\/strong> \u2013 poskytuj\u00ed t\u011blu z\u00e1kladn\u00ed stavebn\u00ed bloky pro tvorbu tohoto d\u016fle\u017eit\u00e9ho koenzymu, kter\u00fd se s v\u011bkem p\u0159irozen\u011b sni\u017euje<\/li>\n<li class=\"whitespace-normal break-words pl-2\"><strong>Aminokyseliny podporuj\u00edc\u00ed synt\u00e9zu cysteinu<\/strong> \u2013 cystein je esenci\u00e1ln\u00ed pro tvorbu glutathionu, jednoho z nejd\u016fle\u017eit\u011bj\u0161\u00edch antioxidant\u016f v t\u011ble<\/li>\n<li class=\"whitespace-normal break-words pl-2\"><strong>Kofaktory enzymatick\u00fdch reakc\u00ed<\/strong> \u2013 zaji\u0161\u0165uj\u00ed optim\u00e1ln\u00ed pr\u016fb\u011bh metabolick\u00fdch proces\u016f spojen\u00fdch s energetickou produkc\u00ed<\/li>\n<li class=\"whitespace-normal break-words pl-2\"><strong>L\u00e1tky podporuj\u00edc\u00ed mitochondri\u00e1ln\u00ed funkci<\/strong> \u2013 mitochondrie jsou \u201eelektr\u00e1rny&#8220; bun\u011bk a jejich spr\u00e1vn\u00e1 funkce je kl\u00ed\u010dov\u00e1 pro celkovou vitalitu<\/li>\n<\/ul>\n<p class=\"font-claude-response-body break-words whitespace-normal leading-[1.7]\">Slo\u017een\u00ed EnduNAD je zam\u011b\u0159eno na podporu p\u0159irozen\u00fdch proces\u016f v t\u011ble bez um\u011bl\u00fdch stimulant\u016f. P\u0159\u00edpravek neposkytuje kr\u00e1tkodob\u00fd energetick\u00fd boost, ale pom\u00e1h\u00e1 organismu optimalizovat jeho vlastn\u00ed energetick\u00e9 mechanismy na bun\u011b\u010dn\u00e9 \u00farovni. T\u00edm podporuje dlouhodobou vitalitu a odolnost v\u016f\u010di \u00fanav\u011b.<\/p>\n<p class=\"font-claude-response-body break-words whitespace-normal leading-[1.7]\">P\u016fsoben\u00ed p\u0159\u00edpravku je komplexn\u00ed \u2013 nejen\u017ee podporuje energetickou produkci, ale tak\u00e9 p\u0159isp\u00edv\u00e1 k lep\u0161\u00ed regeneraci po fyzick\u00e9 z\u00e1t\u011b\u017ei, m\u016f\u017ee zlep\u0161it ment\u00e1ln\u00ed jasnost a podporovat celkovou odolnost organismu v\u016f\u010di stresu.<\/p>\n<h2 class=\"text-text-100 mt-3 -mb-1 text-[1.125rem] font-bold\">V\u00fdsledky EnduNAD<\/h2>\n<p class=\"font-claude-response-body break-words whitespace-normal leading-[1.7]\">Pravideln\u00e9 u\u017e\u00edv\u00e1n\u00ed EnduNAD m\u016f\u017ee p\u0159in\u00e9st \u0159adu pozitivn\u00edch efekt\u016f, kter\u00e9 se projevuj\u00ed postupn\u011b b\u011bhem n\u011bkolika t\u00fddn\u016f suplementace. D\u016fle\u017eit\u00e9 je si uv\u011bdomit, \u017ee v\u00fdsledky se mohou u jednotliv\u00fdch osob li\u0161it v z\u00e1vislosti na v\u00fdchoz\u00edm stavu organismu a \u017eivotn\u00edm stylu.<\/p>\n<p class=\"font-claude-response-body break-words whitespace-normal leading-[1.7]\"><strong>Co m\u016f\u017eete o\u010dek\u00e1vat p\u0159i u\u017e\u00edv\u00e1n\u00ed EnduNAD:<\/strong><\/p>\n<ul class=\"[li_&amp;]:mb-0 [li_&amp;]:mt-1 [li_&amp;]:gap-1 [&amp;:not(:last-child)_ul]:pb-1 [&amp;:not(:last-child)_ol]:pb-1 list-disc flex flex-col gap-1 pl-8 mb-3\">\n<li class=\"whitespace-normal break-words pl-2\"><strong>Vy\u0161\u0161\u00ed energetick\u00e1 \u00farove\u0148<\/strong> \u2013 mnoho u\u017eivatel\u016f popisuje sn\u00ed\u017een\u00ed pocitu \u00fanavy a celkov\u011b vy\u0161\u0161\u00ed vitalitu b\u011bhem dne<\/li>\n<li class=\"whitespace-normal break-words pl-2\"><strong>Lep\u0161\u00ed fyzick\u00e1 v\u00fdkonnost<\/strong> \u2013 zv\u00fd\u0161en\u00e1 schopnost vydr\u017eet intenzivn\u011bj\u0161\u00ed tr\u00e9nink a rychlej\u0161\u00ed regenerace sval\u016f<\/li>\n<li class=\"whitespace-normal break-words pl-2\"><strong>Zlep\u0161en\u00ed koncentrace a ment\u00e1ln\u00ed jasnosti<\/strong> \u2013 NAD+ je d\u016fle\u017eit\u00fd pro funkci nervov\u00e9ho syst\u00e9mu, jeho optim\u00e1ln\u00ed hladiny mohou podpo\u0159it kognitivn\u00ed funkce<\/li>\n<li class=\"whitespace-normal break-words pl-2\"><strong>Odolnost v\u016f\u010di stresu<\/strong> \u2013 organismus l\u00e9pe zvl\u00e1d\u00e1 fyzick\u00fd i psychick\u00fd stres p\u0159i dostate\u010dn\u00e9 energetick\u00e9 podpo\u0159e<\/li>\n<li class=\"whitespace-normal break-words pl-2\"><strong>Kvalitn\u011bj\u0161\u00ed sp\u00e1nek<\/strong> \u2013 n\u011bkter\u00e9 osoby uv\u00e1d\u011bj\u00ed hlub\u0161\u00ed a kvalitn\u011bj\u0161\u00ed odpo\u010dinek<\/li>\n<li class=\"whitespace-normal break-words pl-2\"><strong>Podpora imunitn\u00edho syst\u00e9mu<\/strong> \u2013 optim\u00e1ln\u00ed bun\u011b\u010dn\u00e9 funkce p\u0159isp\u00edvaj\u00ed k lep\u0161\u00ed obranyschopnosti organismu<\/li>\n<\/ul>\n<p class=\"font-claude-response-body break-words whitespace-normal leading-[1.7]\">Prvn\u00ed zm\u011bny m\u016f\u017eete zaznamenat ji\u017e po t\u00fddnu u\u017e\u00edv\u00e1n\u00ed, ale pln\u00fd efekt se obvykle projev\u00ed po 3-4 t\u00fddnech pravideln\u00e9 suplementace. Pro dosa\u017een\u00ed nejlep\u0161\u00edch v\u00fdsledk\u016f je doporu\u010deno kombinovat u\u017e\u00edv\u00e1n\u00ed EnduNAD se zdrav\u00fdm \u017eivotn\u00edm stylem v\u010detn\u011b vyv\u00e1\u017een\u00e9 stravy, dostate\u010dn\u00e9ho pitn\u00e9ho re\u017eimu a pravideln\u00e9ho pohybu.<\/p>\n<p class=\"font-claude-response-body break-words whitespace-normal leading-[1.7]\">Je d\u016fle\u017eit\u00e9 m\u00edt realistick\u00e1 o\u010dek\u00e1v\u00e1n\u00ed \u2013 EnduNAD nen\u00ed z\u00e1zra\u010dn\u00fd prost\u0159edek, ale kvalitn\u00ed dopln\u011bk stravy, kter\u00fd podporuje p\u0159irozen\u00e9 procesy v t\u011ble a pom\u00e1h\u00e1 optimalizovat jejich fungov\u00e1n\u00ed.<\/p>\n<h2 class=\"text-text-100 mt-3 -mb-1 text-[1.125rem] font-bold\">Recenze u\u017eivatel\u016f EnduNAD<\/h2>\n<p class=\"font-claude-response-body break-words whitespace-normal leading-[1.7]\">V\u011bt\u0161ina u\u017eivatel\u016f, kte\u0159\u00ed vyzkou\u0161eli EnduNAD, hodnot\u00ed tento dopln\u011bk stravy pozitivn\u011b a uv\u00e1d\u00ed viditeln\u00e9 zlep\u0161en\u00ed v oblasti energie a celkov\u00e9 vitality. Pravideln\u00e9 u\u017e\u00edv\u00e1n\u00ed p\u0159in\u00e1\u0161\u00ed v\u00fdsledky, kter\u00e9 pozitivn\u011b ovliv\u0148uj\u00ed ka\u017edodenn\u00ed \u017eivot.<\/p>\n<blockquote>\n<p class=\"font-claude-response-body break-words whitespace-normal leading-[1.7]\"><strong>Petr, 42 let:<\/strong> <em>\u201eJako IT mana\u017eer tr\u00e1v\u00edm v\u011bt\u0161inu dne u po\u010d\u00edta\u010de a za\u010dal jsem poci\u0165ovat chronickou \u00fanavu. Po m\u011bs\u00edci u\u017e\u00edv\u00e1n\u00ed EnduNAD jsem si v\u0161iml v\u00fdrazn\u00e9ho zlep\u0161en\u00ed \u2013 m\u00e1m v\u00edce energie po pr\u00e1ci, l\u00e9pe se soust\u0159ed\u00edm a nevad\u00ed mi u\u017e ani ve\u010dern\u00ed sportovn\u00ed aktivity. Nejlep\u0161\u00ed je, \u017ee se nejedn\u00e1 o um\u011bl\u00fd energetick\u00fd boost, ale c\u00edt\u00edm se p\u0159irozen\u011b vit\u00e1ln\u011bj\u0161\u00ed. Rozhodn\u011b doporu\u010duji v\u0161em, kdo maj\u00ed n\u00e1ro\u010dn\u00fd pracovn\u00ed re\u017eim.&#8220;<\/em><\/p>\n<p class=\"font-claude-response-body break-words whitespace-normal leading-[1.7]\"><strong>Jana, 35 let:<\/strong> <em>\u201eEnduNAD jsem za\u010dala br\u00e1t na doporu\u010den\u00ed tren\u00e9rky, proto\u017ee jsem m\u011bla probl\u00e9m s regenerac\u00ed po tr\u00e9ninku. Mus\u00edm \u0159\u00edct, \u017ee po dvou m\u011bs\u00edc\u00edch u\u017e\u00edv\u00e1n\u00ed vid\u00edm jasn\u00fd rozd\u00edl \u2013 c\u00edt\u00edm se m\u00e9n\u011b unaven\u00e1, m\u00e1m lep\u0161\u00ed v\u00fdkon p\u0159i cvi\u010den\u00ed a celkov\u011b m\u00e1m pocit, \u017ee m\u00e9 t\u011blo funguje efektivn\u011bji. Oce\u0148uj\u0119 zejm\u00e9na to, \u017ee jde o p\u0159\u00edrodn\u00ed slo\u017een\u00ed bez stimulant\u016f. Za m\u011b ur\u010dit\u011b palec nahoru!&#8220;<\/em><\/p>\n<\/blockquote>\n<p class=\"font-claude-response-body break-words whitespace-normal leading-[1.7]\">Pozitivn\u00ed zku\u0161enosti u\u017eivatel\u016f potvrzuj\u00ed, \u017ee EnduNAD m\u016f\u017ee b\u00fdt \u00fa\u010dinn\u00fdm pomocn\u00edkem pro osoby hledaj\u00edc\u00ed p\u0159irozen\u00fd zp\u016fsob, jak podpo\u0159it svou energii a celkovou vitalitu.<\/p>\n<h2 class=\"text-text-100 mt-3 -mb-1 text-[1.125rem] font-bold\">Mo\u017en\u00e9 ne\u017e\u00e1douc\u00ed \u00fa\u010dinky<\/h2>\n<p class=\"font-claude-response-body break-words whitespace-normal leading-[1.7]\">EnduNAD je vyvinut z pe\u010dliv\u011b vybran\u00fdch ingredienc\u00ed a p\u0159i dodr\u017eov\u00e1n\u00ed doporu\u010den\u00e9ho d\u00e1vkov\u00e1n\u00ed je obecn\u011b dob\u0159e tolerov\u00e1n. Nicm\u00e9n\u011b jako u ka\u017ed\u00e9ho dopl\u0148ku stravy se mohou v ojedin\u011bl\u00fdch p\u0159\u00edpadech vyskytnout ne\u017e\u00e1douc\u00ed reakce.<\/p>\n<p class=\"font-claude-response-body break-words whitespace-normal leading-[1.7]\"><strong>Mo\u017en\u00e9 vedlej\u0161\u00ed efekty:<\/strong><\/p>\n<ul class=\"[li_&amp;]:mb-0 [li_&amp;]:mt-1 [li_&amp;]:gap-1 [&amp;:not(:last-child)_ul]:pb-1 [&amp;:not(:last-child)_ol]:pb-1 list-disc flex flex-col gap-1 pl-8 mb-3\">\n<li class=\"whitespace-normal break-words pl-2\">M\u00edrn\u00e9 tr\u00e1vic\u00ed pot\u00ed\u017ee v prvn\u00edch dnech u\u017e\u00edv\u00e1n\u00ed (nad\u00fdm\u00e1n\u00ed, zm\u011bna stolice)<\/li>\n<li class=\"whitespace-normal break-words pl-2\">Nevolnost p\u0159i u\u017e\u00edv\u00e1n\u00ed na la\u010dn\u00fd \u017ealudek<\/li>\n<li class=\"whitespace-normal break-words pl-2\">Alergick\u00e9 reakce u osob citliv\u00fdch na n\u011bkterou ze slo\u017eek<\/li>\n<li class=\"whitespace-normal break-words pl-2\">Zm\u011bny v kvalit\u011b sp\u00e1nku v p\u0159\u00edpad\u011b u\u017e\u00edv\u00e1n\u00ed t\u011bsn\u011b p\u0159ed span\u00edm<\/li>\n<\/ul>\n<p class=\"font-claude-response-body break-words whitespace-normal leading-[1.7]\">Pokud zaznamen\u00e1te jak\u00e9koli ne\u017e\u00e1douc\u00ed \u00fa\u010dinky, doporu\u010duje se sn\u00ed\u017eit d\u00e1vkov\u00e1n\u00ed nebo p\u0159eru\u0161it u\u017e\u00edv\u00e1n\u00ed a v p\u0159\u00edpad\u011b p\u0159etrv\u00e1vaj\u00edc\u00edch obt\u00ed\u017e\u00ed konzultovat situaci s l\u00e9ka\u0159em. Z\u00e1va\u017en\u00e9 vedlej\u0161\u00ed \u00fa\u010dinky jsou p\u0159i spr\u00e1vn\u00e9m u\u017e\u00edv\u00e1n\u00ed velmi vz\u00e1cn\u00e9.<\/p>\n<h2 class=\"text-text-100 mt-3 -mb-1 text-[1.125rem] font-bold\">Bezpe\u010dnostn\u00ed opat\u0159en\u00ed<\/h2>\n<p class=\"font-claude-response-body break-words whitespace-normal leading-[1.7]\">Pro bezpe\u010dn\u00e9 u\u017e\u00edv\u00e1n\u00ed EnduNAD je d\u016fle\u017eit\u00e9 dodr\u017eovat n\u011bkolik z\u00e1kladn\u00edch pravidel a zohlednit individu\u00e1ln\u00ed zdravotn\u00ed stav.<\/p>\n<p class=\"font-claude-response-body break-words whitespace-normal leading-[1.7]\"><strong>D\u016fle\u017eit\u00e1 upozorn\u011bn\u00ed:<\/strong><\/p>\n<ul class=\"[li_&amp;]:mb-0 [li_&amp;]:mt-1 [li_&amp;]:gap-1 [&amp;:not(:last-child)_ul]:pb-1 [&amp;:not(:last-child)_ol]:pb-1 list-disc flex flex-col gap-1 pl-8 mb-3\">\n<li class=\"whitespace-normal break-words pl-2\">Produkt nen\u00ed vhodn\u00fd pro t\u011bhotn\u00e9 a koj\u00edc\u00ed \u017eeny bez konzultace s l\u00e9ka\u0159em<\/li>\n<li class=\"whitespace-normal break-words pl-2\">Osoby s chronick\u00fdmi onemocn\u011bn\u00edmi nebo u\u017e\u00edvaj\u00edc\u00ed pravidelnou medikaci by m\u011bly p\u0159ed zah\u00e1jen\u00edm suplementace konzultovat sv\u00e9ho l\u00e9ka\u0159e<\/li>\n<li class=\"whitespace-normal break-words pl-2\">Nen\u00ed ur\u010deno pro d\u011bti a mladistv\u00e9 do 18 let<\/li>\n<li class=\"whitespace-normal break-words pl-2\">Nep\u0159ekra\u010dujte doporu\u010den\u00e9 denn\u00ed d\u00e1vkov\u00e1n\u00ed<\/li>\n<li class=\"whitespace-normal break-words pl-2\">Dopln\u011bk stravy nen\u00ed n\u00e1hradou pestr\u00e9 a vyv\u00e1\u017een\u00e9 stravy<\/li>\n<li class=\"whitespace-normal break-words pl-2\">Skladujte mimo dosah d\u011bt\u00ed, na such\u00e9m a chladn\u00e9m m\u00edst\u011b<\/li>\n<li class=\"whitespace-normal break-words pl-2\">Nepou\u017e\u00edvejte po uplynut\u00ed doby pou\u017eitelnosti<\/li>\n<\/ul>\n<p class=\"font-claude-response-body break-words whitespace-normal leading-[1.7]\">EnduNAD je dopln\u011bk stravy a m\u011bl by b\u00fdt pou\u017e\u00edv\u00e1n jako sou\u010d\u00e1st zdrav\u00e9ho \u017eivotn\u00edho stylu. Nen\u00ed ur\u010den k l\u00e9\u010db\u011b, prevenci nebo diagnostice \u017e\u00e1dn\u00e9ho onemocn\u011bn\u00ed.<\/p>\n<h2 class=\"text-text-100 mt-3 -mb-1 text-[1.125rem] font-bold\">N\u00e1vod k pou\u017eit\u00ed<\/h2>\n<p class=\"font-claude-response-body break-words whitespace-normal leading-[1.7]\">Pro dosa\u017een\u00ed optim\u00e1ln\u00edch v\u00fdsledk\u016f je d\u016fle\u017eit\u00e9 dodr\u017eovat spr\u00e1vn\u00e9 d\u00e1vkov\u00e1n\u00ed a zp\u016fsob u\u017e\u00edv\u00e1n\u00ed EnduNAD.<\/p>\n<p class=\"font-claude-response-body break-words whitespace-normal leading-[1.7]\"><strong>Doporu\u010den\u00e9 d\u00e1vkov\u00e1n\u00ed:<\/strong> U\u017e\u00edvejte 2 kapsle denn\u011b, nejl\u00e9pe r\u00e1no nebo dopoledne s j\u00eddlem a dostate\u010dn\u00fdm mno\u017estv\u00edm tekutin. Kapsle spolkn\u011bte cel\u00e9, nerozkous\u00e1vejte je.<\/p>\n<p class=\"font-claude-response-body break-words whitespace-normal leading-[1.7]\">Pro maxim\u00e1ln\u00ed \u00fa\u010dinnost je vhodn\u00e9 u\u017e\u00edvat p\u0159\u00edpravek ka\u017ed\u00fd den ve stejnou dobu. Pokud jste aktivn\u00ed sportovec nebo m\u00e1te obzvl\u00e1\u0161t\u011b n\u00e1ro\u010dn\u00fd pracovn\u00ed re\u017eim, m\u016f\u017eete konzultovat individu\u00e1ln\u00ed d\u00e1vkov\u00e1n\u00ed s odborn\u00edkem.<\/p>\n<p class=\"font-claude-response-body break-words whitespace-normal leading-[1.7]\">Suplementaci je doporu\u010deno prov\u00e1d\u011bt v minim\u00e1ln\u011b m\u011bs\u00ed\u010dn\u00edch k\u00far\u00e1ch pro dosa\u017een\u00ed viditeln\u00fdch v\u00fdsledk\u016f. Optim\u00e1ln\u00ed doba u\u017e\u00edv\u00e1n\u00ed je 2-3 m\u011bs\u00edce, po kter\u00e9 m\u016f\u017ee n\u00e1sledovat p\u0159est\u00e1vka.<\/p>\n<h2 class=\"text-text-100 mt-3 -mb-1 text-[1.125rem] font-bold\">Cena v \u010cesk\u00e9 republice<\/h2>\n<p class=\"font-claude-response-body break-words whitespace-normal leading-[1.7]\">Cena EnduNAD se m\u016f\u017ee li\u0161it v z\u00e1vislosti na zvolen\u00e9m balen\u00ed a aktu\u00e1ln\u00edch nab\u00eddk\u00e1ch v\u00fdrobce. P\u0159esn\u00e9 aktu\u00e1ln\u00ed cenov\u00e9 informace v\u010detn\u011b p\u0159\u00edpadn\u00fdch v\u00fdhodn\u00fdch bal\u00ed\u010dk\u016f a slev naleznete na ofici\u00e1ln\u00edm webu v\u00fdrobce.<\/p>\n<p class=\"font-claude-response-body break-words whitespace-normal leading-[1.7]\">Investice do kvalitn\u00edho dopl\u0148ku stravy jako je EnduNAD by m\u011bla b\u00fdt vn\u00edm\u00e1na jako investice do vlastn\u00edho zdrav\u00ed a vitality. P\u0159i porovn\u00e1v\u00e1n\u00ed cen zohledn\u011bte kvalitu pou\u017eit\u00fdch surovin a prok\u00e1zan\u00e9 \u00fa\u010dinky produktu.<\/p>\n<h2 class=\"text-text-100 mt-3 -mb-1 text-[1.125rem] font-bold\">Kde koupit EnduNAD?<\/h2>\n<p class=\"font-claude-response-body break-words whitespace-normal leading-[1.7]\">Pro n\u00e1kup EnduNAD doporu\u010dujeme vyu\u017e\u00edt ofici\u00e1ln\u00ed web v\u00fdrobce. Tento produkt nen\u00ed k dispozici v b\u011b\u017en\u00fdch l\u00e9k\u00e1rn\u00e1ch ani v kamenn\u00fdch obchodech, co\u017e je z\u00e1m\u011brn\u00e1 strategie v\u00fdrobce zaji\u0161\u0165uj\u00edc\u00ed p\u0159\u00edmou distribuci ke kone\u010dn\u00e9mu z\u00e1kazn\u00edkovi.<\/p>\n<p class=\"font-claude-response-body break-words whitespace-normal leading-[1.7]\"><strong>V\u00fdhody n\u00e1kupu na ofici\u00e1ln\u00edm webu:<\/strong><\/p>\n<ul class=\"[li_&amp;]:mb-0 [li_&amp;]:mt-1 [li_&amp;]:gap-1 [&amp;:not(:last-child)_ul]:pb-1 [&amp;:not(:last-child)_ol]:pb-1 list-disc flex flex-col gap-1 pl-8 mb-3\">\n<li class=\"whitespace-normal break-words pl-2\">Z\u00e1ruka originality produktu a jeho kvality<\/li>\n<li class=\"whitespace-normal break-words pl-2\">Mo\u017enost v\u00fdhodn\u00fdch bal\u00ed\u010dk\u016f a ak\u010dn\u00edch nab\u00eddek<\/li>\n<li class=\"whitespace-normal break-words pl-2\">P\u0159\u00edm\u00e1 komunikace s v\u00fdrobcem v p\u0159\u00edpad\u011b dotaz\u016f<\/li>\n<li class=\"whitespace-normal break-words pl-2\">Bezpe\u010dn\u00e1 platba a diskr\u00e9tn\u00ed doru\u010den\u00ed<\/li>\n<li class=\"whitespace-normal break-words pl-2\">P\u0159\u00edstup k aktu\u00e1ln\u00edm informac\u00edm o produktu<\/li>\n<\/ul>\n<p class=\"font-claude-response-body break-words whitespace-normal leading-[1.7]\">N\u00e1kup p\u0159\u00edmo od v\u00fdrobce eliminuje riziko pad\u011blk\u016f a zaji\u0161\u0165uje, \u017ee obdr\u017e\u00edte produkt se spr\u00e1vn\u00fdm slo\u017een\u00edm a s platnou dobou pou\u017eitelnosti. Objedn\u00e1vkov\u00fd proces je jednoduch\u00fd a zabezpe\u010den\u00fd.<\/p>\n<h2 class=\"text-text-100 mt-3 -mb-1 text-[1.125rem] font-bold\">V\u00fdhody u\u017e\u00edv\u00e1n\u00ed<\/h2>\n<p class=\"font-claude-response-body break-words whitespace-normal leading-[1.7]\">EnduNAD p\u0159in\u00e1\u0161\u00ed \u0159adu benefit\u016f, kter\u00e9 z n\u011bj \u010din\u00ed vhodnou volbu pro osoby hledaj\u00edc\u00ed p\u0159irozen\u00fd zp\u016fsob podpory sv\u00e9 energie a vitality.<\/p>\n<p class=\"font-claude-response-body break-words whitespace-normal leading-[1.7]\"><strong>Hlavn\u00ed v\u00fdhody:<\/strong><\/p>\n<ul class=\"[li_&amp;]:mb-0 [li_&amp;]:mt-1 [li_&amp;]:gap-1 [&amp;:not(:last-child)_ul]:pb-1 [&amp;:not(:last-child)_ol]:pb-1 list-disc flex flex-col gap-1 pl-8 mb-3\">\n<li class=\"whitespace-normal break-words pl-2\"><strong>V\u011bdecky podlo\u017een\u00e9 slo\u017een\u00ed<\/strong> \u2013 ingredience vybran\u00e9 na z\u00e1klad\u011b v\u00fdzkumu metabolismu NAD+<\/li>\n<li class=\"whitespace-normal break-words pl-2\"><strong>Komplexn\u00ed podpora organismu<\/strong> \u2013 p\u016fsob\u00ed na v\u00edce \u00farovn\u00ed od bun\u011b\u010dn\u00e9 energetiky po celkovou vitalitu<\/li>\n<li class=\"whitespace-normal break-words pl-2\"><strong>P\u0159\u00edrodn\u00ed formulace<\/strong> \u2013 bez um\u011bl\u00fdch stimulant\u016f a syntetick\u00fdch p\u0159\u00edsad<\/li>\n<li class=\"whitespace-normal break-words pl-2\"><strong>Vhodn\u00e9 pro dlouhodob\u00e9 u\u017e\u00edv\u00e1n\u00ed<\/strong> \u2013 bezpe\u010dn\u00fd profil p\u0159i dodr\u017een\u00ed doporu\u010den\u00ed<\/li>\n<li class=\"whitespace-normal break-words pl-2\"><strong>Pohodln\u00e9 d\u00e1vkov\u00e1n\u00ed<\/strong> \u2013 pouze 2 kapsle denn\u011b<\/li>\n<li class=\"whitespace-normal break-words pl-2\"><strong>Kvalitn\u00ed v\u00fdroba<\/strong> \u2013 produkt vyr\u00e1b\u011bn\u00fd v souladu s p\u0159\u00edsn\u00fdmi standardy<\/li>\n<li class=\"whitespace-normal break-words pl-2\"><strong>\u0160irok\u00e9 spektrum pou\u017eit\u00ed<\/strong> \u2013 vhodn\u00e9 pro sportovce, zanepr\u00e1zdn\u011bn\u00e9 profesion\u00e1ly i seniory<\/li>\n<\/ul>\n<p class=\"font-claude-response-body break-words whitespace-normal leading-[1.7]\">EnduNAD je modern\u00ed \u0159e\u0161en\u00ed pro ty, kdo cht\u011bj\u00ed aktivn\u011b pe\u010dovat o sv\u00e9 zdrav\u00ed a vitalitu. Podporuje p\u0159irozen\u00e9 procesy v t\u011ble a pom\u00e1h\u00e1 udr\u017eovat energii a v\u00fdkonnost na optim\u00e1ln\u00ed \u00farovni. Kvalitn\u00ed slo\u017een\u00ed a prok\u00e1zan\u00e9 \u00fa\u010dinky z n\u011bj \u010din\u00ed spolehliv\u00e9ho partnera pro n\u00e1ro\u010dn\u00fd modern\u00ed \u017eivotn\u00ed styl.<\/p>\n<p class=\"font-claude-response-body break-words whitespace-normal leading-[1.7]\">Pravideln\u00e9 u\u017e\u00edv\u00e1n\u00ed v kombinaci se zdrav\u00fdm \u017eivotn\u00edm stylem m\u016f\u017ee v\u00fdrazn\u011b p\u0159isp\u011bt ke zlep\u0161en\u00ed kvality \u017eivota a celkov\u00e9 pohody. EnduNAD nen\u00ed \u0159e\u0161en\u00edm pro v\u0161echny zdravotn\u00ed probl\u00e9my, ale kvalitn\u00edm dopl\u0148kem stravy, kter\u00fd m\u016f\u017ee b\u00fdt cenn\u00fdm p\u0159\u00ednosem pro va\u0161e zdrav\u00ed a vitalitu.<\/p>\n","protected":false},"excerpt":{"rendered":"<p>V dne\u0161n\u00ed usp\u011bchan\u00e9 dob\u011b, kdy se pot\u00fdk\u00e1me s neust\u00e1l\u00fdm stresem, fyzickou z\u00e1t\u011b\u017e\u00ed a vysok\u00fdmi [&hellip;]<\/p>\n","protected":false},"featured_media":401,"comment_status":"open","ping_status":"closed","template":"","meta":[],"product_brand":[],"product_cat":[15],"product_tag":[],"class_list":{"0":"post-400","1":"product","2":"type-product","3":"status-publish","4":"has-post-thumbnail","6":"product_cat-prirodni","8":"first","9":"instock","10":"shipping-taxable","11":"product-type-external"},"aioseo_notices":[],"_links":{"self":[{"href":"https:\/\/medtempl.cz\/pharm\/wp-json\/wp\/v2\/product\/400","targetHints":{"allow":["GET"]}}],"collection":[{"href":"https:\/\/medtempl.cz\/pharm\/wp-json\/wp\/v2\/product"}],"about":[{"href":"https:\/\/medtempl.cz\/pharm\/wp-json\/wp\/v2\/types\/product"}],"replies":[{"embeddable":true,"href":"https:\/\/medtempl.cz\/pharm\/wp-json\/wp\/v2\/comments?post=400"}],"wp:featuredmedia":[{"embeddable":true,"href":"https:\/\/medtempl.cz\/pharm\/wp-json\/wp\/v2\/media\/401"}],"wp:attachment":[{"href":"https:\/\/medtempl.cz\/pharm\/wp-json\/wp\/v2\/media?parent=400"}],"wp:term":[{"taxonomy":"product_brand","embeddable":true,"href":"https:\/\/medtempl.cz\/pharm\/wp-json\/wp\/v2\/product_brand?post=400"},{"taxonomy":"product_cat","embeddable":true,"href":"https:\/\/medtempl.cz\/pharm\/wp-json\/wp\/v2\/product_cat?post=400"},{"taxonomy":"product_tag","embeddable":true,"href":"https:\/\/medtempl.cz\/pharm\/wp-json\/wp\/v2\/product_tag?post=400"}],"curies":[{"name":"wp","href":"https:\/\/api.w.org\/{rel}","templated":true}]}}