{"id":350,"date":"2026-02-09T17:56:02","date_gmt":"2026-02-09T17:56:02","guid":{"rendered":"https:\/\/medtempl.cz\/pharm\/?post_type=product&#038;p=350"},"modified":"2026-02-09T17:56:02","modified_gmt":"2026-02-09T17:56:02","slug":"slimella-fit","status":"publish","type":"product","link":"https:\/\/medtempl.cz\/pharm\/product\/slimella-fit\/","title":{"rendered":"Slimella FIT"},"content":{"rendered":"<p class=\"font-claude-response-body break-words whitespace-normal leading-[1.7]\">Modern\u00ed \u017eivot pln\u00fd stresu, nedostatku pohybu a nespr\u00e1vn\u00fdch stravovac\u00edch n\u00e1vyk\u016f \u010dasto vede k nadv\u00e1ze, kter\u00e1 negativn\u011b ovliv\u0148uje nejen n\u00e1\u0161 vzhled, ale p\u0159edev\u0161\u00edm zdrav\u00ed. Slimella FIT p\u0159edstavuje p\u0159irozen\u00e9 \u0159e\u0161en\u00ed pro ty, kte\u0159\u00ed hledaj\u00ed \u00fa\u010dinnou podporu p\u0159i hubnut\u00ed bez drastick\u00fdch diet a vy\u010derp\u00e1vaj\u00edc\u00edch cvi\u010debn\u00edch program\u016f. Tyto kapsle kombinuj\u00ed s\u00edlu p\u0159\u00edrodn\u00edch l\u00e1tek s v\u011bdecky podlo\u017een\u00fdmi poznatky o metabolismu a spalov\u00e1n\u00ed tuk\u016f.<\/p>\n<h2 class=\"text-text-100 mt-3 -mb-1 text-[1.125rem] font-bold\">Slimella FIT &#8211; stru\u010dn\u00fd popis<\/h2>\n<p class=\"font-claude-response-body break-words whitespace-normal leading-[1.7]\">Slimella FIT je dopln\u011bk stravy ve form\u011b kapsl\u00ed, kter\u00fd byl speci\u00e1ln\u011b navr\u017een pro podporu p\u0159irozen\u00e9ho procesu hubnut\u00ed. Produkt se zam\u011b\u0159uje na komplexn\u00ed p\u0159\u00edstup k redukci hmotnosti &#8211; nejen\u017ee podporuje spalov\u00e1n\u00ed tuk\u016f, ale tak\u00e9 pom\u00e1h\u00e1 regulovat chu\u0165 k j\u00eddlu a zvy\u0161uje energetickou hladinu organismu. D\u00edky tomu se lid\u00e9 c\u00edt\u00ed vit\u00e1ln\u011bj\u0161\u00ed a motivovan\u011bj\u0161\u00ed pokra\u010dovat ve sv\u00e9m hubnut\u00ed.<\/p>\n<p class=\"font-claude-response-body break-words whitespace-normal leading-[1.7]\">Tento dopln\u011bk stravy je vhodn\u00fd pro dosp\u011bl\u00e9 mu\u017ee i \u017eeny, kte\u0159\u00ed cht\u011bj\u00ed shodit p\u0159ebyte\u010dn\u00e1 kila zdrav\u00fdm zp\u016fsobem. Slimella FIT je zalo\u017eena na p\u0159\u00edrodn\u00edch ingredienc\u00edch, kter\u00e9 podporuj\u00ed metabolismus a pom\u00e1haj\u00ed t\u011blu efektivn\u011bji zpracov\u00e1vat p\u0159\u00edjem potravy. Produkt je vyr\u00e1b\u011bn v souladu s p\u0159\u00edsn\u00fdmi standardy kvality a bezpe\u010dnosti, co\u017e zaru\u010duje jeho spolehlivost a \u00fa\u010dinnost.<\/p>\n<p class=\"font-claude-response-body break-words whitespace-normal leading-[1.7]\">Hlavn\u00ed v\u00fdhodou Slimella FIT je, \u017ee nep\u0159et\u011b\u017euje organismus a nep\u016fsob\u00ed jako drastick\u00e9 hubnut\u00ed, kter\u00e9 by mohlo po\u0161kodit zdrav\u00ed. M\u00edsto toho podporuje p\u0159irozen\u00e9 procesy t\u011bla a pom\u00e1h\u00e1 vytvo\u0159it dlouhodob\u011b udr\u017eiteln\u00e9 n\u00e1vyky pro zdravou v\u00e1hu.<\/p>\n<h2 class=\"text-text-100 mt-3 -mb-1 text-[1.125rem] font-bold\">Slo\u017een\u00ed a \u00fa\u010dinky Slimella FIT<\/h2>\n<p class=\"font-claude-response-body break-words whitespace-normal leading-[1.7]\">\u00da\u010dinnost Slimella FIT spo\u010d\u00edv\u00e1 v pe\u010dliv\u011b vybran\u00e9 kombinaci p\u0159\u00edrodn\u00edch slo\u017eek, kter\u00e9 se vz\u00e1jemn\u011b dopl\u0148uj\u00ed a zesiluj\u00ed sv\u00e9 \u00fa\u010dinky:<\/p>\n<ul class=\"[li_&amp;]:mb-0 [li_&amp;]:mt-1 [li_&amp;]:gap-1 [&amp;:not(:last-child)_ul]:pb-1 [&amp;:not(:last-child)_ol]:pb-1 list-disc flex flex-col gap-1 pl-8 mb-3\">\n<li class=\"whitespace-normal break-words pl-2\"><strong>Extrakt ze zelen\u00e9ho \u010daje<\/strong> &#8211; bohat\u00fd zdroj antioxidant\u016f a katechin\u016f, kter\u00e9 podporuj\u00ed termogenezi a zvy\u0161uj\u00ed spalov\u00e1n\u00ed kalori\u00ed, z\u00e1rove\u0148 pom\u00e1h\u00e1 detoxikovat organismus<\/li>\n<li class=\"whitespace-normal break-words pl-2\"><strong>Extrakt z guarany<\/strong> &#8211; p\u0159\u00edrodn\u00ed zdroj kofeinu, kter\u00fd stimuluje metabolismus a zvy\u0161uje energetickou hladinu bez nervozity typick\u00e9 pro syntetick\u00fd kofein<\/li>\n<li class=\"whitespace-normal break-words pl-2\"><strong>L-karnitin<\/strong> &#8211; aminokyselina, kter\u00e1 hraje kl\u00ed\u010dovou roli v transportu mastn\u00fdch kyselin do mitochondri\u00ed, kde jsou spalov\u00e1ny za \u00fa\u010delem z\u00edsk\u00e1n\u00ed energie<\/li>\n<li class=\"whitespace-normal break-words pl-2\"><strong>Chrom<\/strong> &#8211; miner\u00e1l podporuj\u00edc\u00ed norm\u00e1ln\u00ed metabolismus makronutrient\u016f a pom\u00e1haj\u00edc\u00ed udr\u017eovat stabiln\u00ed hladinu gluk\u00f3zy v krvi, co\u017e redukuje chut\u011b na sladk\u00e9<\/li>\n<li class=\"whitespace-normal break-words pl-2\"><strong>Extrakt z ho\u0159k\u00e9ho pomeran\u010de<\/strong> &#8211; obsahuje synefrin, kter\u00fd podporuje lipol\u00fdzu a pom\u00e1h\u00e1 redukovat t\u011blesn\u00fd tuk<\/li>\n<\/ul>\n<p class=\"font-claude-response-body break-words whitespace-normal leading-[1.7]\">Tyto ingredience spole\u010dn\u011b vytv\u00e1\u0159ej\u00ed synergick\u00fd efekt, kter\u00fd zrychluje metabolismus, zvy\u0161uje spalov\u00e1n\u00ed tuk\u016f a pom\u00e1h\u00e1 kontrolovat apetit. P\u0159\u00edrodn\u00ed povaha t\u011bchto l\u00e1tek zaji\u0161\u0165uje, \u017ee organismus nen\u00ed p\u0159et\u011b\u017eov\u00e1n chemick\u00fdmi substancemi a hubnut\u00ed prob\u00edh\u00e1 p\u0159irozen\u011b.<\/p>\n<h2 class=\"text-text-100 mt-3 -mb-1 text-[1.125rem] font-bold\">V\u00fdsledky Slimella FIT<\/h2>\n<p class=\"font-claude-response-body break-words whitespace-normal leading-[1.7]\">Pravideln\u00e9 u\u017e\u00edv\u00e1n\u00ed Slimella FIT v kombinaci se zdrav\u00fdm \u017eivotn\u00edm stylem p\u0159in\u00e1\u0161\u00ed viditeln\u00e9 v\u00fdsledky ji\u017e po n\u011bkolika t\u00fddnech. U\u017eivatel\u00e9 nej\u010dast\u011bji zaznamen\u00e1vaj\u00ed:<\/p>\n<p class=\"font-claude-response-body break-words whitespace-normal leading-[1.7]\"><strong>Prvn\u00ed t\u00fdden u\u017e\u00edv\u00e1n\u00ed:<\/strong><\/p>\n<ul class=\"[li_&amp;]:mb-0 [li_&amp;]:mt-1 [li_&amp;]:gap-1 [&amp;:not(:last-child)_ul]:pb-1 [&amp;:not(:last-child)_ol]:pb-1 list-disc flex flex-col gap-1 pl-8 mb-3\">\n<li class=\"whitespace-normal break-words pl-2\">Zv\u00fd\u0161en\u00e1 energetick\u00e1 hladina b\u011bhem dne<\/li>\n<li class=\"whitespace-normal break-words pl-2\">Men\u0161\u00ed chut\u011b na nezdrav\u00e9 sva\u010diny a sladkosti<\/li>\n<li class=\"whitespace-normal break-words pl-2\">Zlep\u0161en\u00e9 tr\u00e1ven\u00ed a metabolismus<\/li>\n<\/ul>\n<p class=\"font-claude-response-body break-words whitespace-normal leading-[1.7]\"><strong>Po 2-4 t\u00fddnech:<\/strong><\/p>\n<ul class=\"[li_&amp;]:mb-0 [li_&amp;]:mt-1 [li_&amp;]:gap-1 [&amp;:not(:last-child)_ul]:pb-1 [&amp;:not(:last-child)_ol]:pb-1 list-disc flex flex-col gap-1 pl-8 mb-3\">\n<li class=\"whitespace-normal break-words pl-2\">Viditeln\u00e1 redukce t\u011blesn\u00e9 hmotnosti (pr\u016fm\u011brn\u011b 2-4 kg)<\/li>\n<li class=\"whitespace-normal break-words pl-2\">Sn\u00ed\u017een\u00ed obvodu v oblasti pasu a bok\u016f<\/li>\n<li class=\"whitespace-normal break-words pl-2\">Lep\u0161\u00ed n\u00e1lada a motivace pokra\u010dovat v hubnut\u00ed<\/li>\n<\/ul>\n<p class=\"font-claude-response-body break-words whitespace-normal leading-[1.7]\"><strong>Po 8-12 t\u00fddnech:<\/strong><\/p>\n<ul class=\"[li_&amp;]:mb-0 [li_&amp;]:mt-1 [li_&amp;]:gap-1 [&amp;:not(:last-child)_ul]:pb-1 [&amp;:not(:last-child)_ol]:pb-1 list-disc flex flex-col gap-1 pl-8 mb-3\">\n<li class=\"whitespace-normal break-words pl-2\">V\u00fdrazn\u00e1 zm\u011bna postavy a celkov\u00e9ho vzhledu<\/li>\n<li class=\"whitespace-normal break-words pl-2\">Stabilizace metabolismu a zdrav\u00fdch stravovac\u00edch n\u00e1vyk\u016f<\/li>\n<li class=\"whitespace-normal break-words pl-2\">Celkov\u00e9 zlep\u0161en\u00ed kondice a vitality<\/li>\n<\/ul>\n<p class=\"font-claude-response-body break-words whitespace-normal leading-[1.7]\">Je d\u016fle\u017eit\u00e9 zd\u016fraznit, \u017ee v\u00fdsledky se mohou u jednotliv\u00fdch osob li\u0161it v z\u00e1vislosti na v\u00fdchoz\u00ed hmotnosti, stravovac\u00edch n\u00e1vyc\u00edch, pohybov\u00e9 aktivit\u011b a celkov\u00e9m zdravotn\u00edm stavu. Pro dosa\u017een\u00ed optim\u00e1ln\u00edch v\u00fdsledk\u016f se doporu\u010duje kombinovat u\u017e\u00edv\u00e1n\u00ed Slimella FIT s vyv\u00e1\u017eenou stravou a pravideln\u00fdm pohybem.<\/p>\n<h2 class=\"text-text-100 mt-3 -mb-1 text-[1.125rem] font-bold\">Recenze u\u017eivatel\u016f Slimella FIT<\/h2>\n<p class=\"font-claude-response-body break-words whitespace-normal leading-[1.7]\">V\u011bt\u0161ina u\u017eivatel\u016f, kte\u0159\u00ed vyzkou\u0161eli Slimella FIT, hodnot\u00ed produkt velmi kladn\u011b a sd\u00edlej\u00ed sv\u00e9 pozitivn\u00ed zku\u0161enosti. Lid\u00e9 oce\u0148uj\u00ed p\u0159edev\u0161\u00edm p\u0159\u00edrodn\u00ed slo\u017een\u00ed, absence vedlej\u0161\u00edch \u00fa\u010dink\u016f a postupn\u00e9, ale trval\u00e9 v\u00fdsledky.<\/p>\n<blockquote>\n<p class=\"font-claude-response-body break-words whitespace-normal leading-[1.7]\"><strong>Lenka, 34 let:<\/strong> <em>&#8222;Po porodu jsem nemohla shodit posledn\u00ed kila a c\u00edtila jsem se unaven\u00e1. Slimella FIT mi pomohla nejen zhubnout 7 kilogram\u016f za t\u0159i m\u011bs\u00edce, ale hlavn\u011b jsem z\u00edskala zp\u011bt energii. Kone\u010dn\u011b se c\u00edt\u00edm dob\u0159e ve sv\u00e9m t\u011ble a oble\u010den\u00ed mi zase sed\u00ed. Velmi jsem spokojen\u00e1 s v\u00fdsledky a doporu\u010duji v\u0161em mamink\u00e1m, kter\u00e9 bojuj\u00ed s poporodn\u00edmi kily.&#8220;<\/em><\/p>\n<p class=\"font-claude-response-body break-words whitespace-normal leading-[1.7]\"><strong>Martin, 42 let:<\/strong> <em>&#8222;Jako \u010dlov\u011bk pracuj\u00edc\u00ed v kancel\u00e1\u0159i jsem m\u011bl probl\u00e9m s nadbyte\u010dn\u00fdmi kily kolem pasu. Zkou\u0161el jsem r\u016fzn\u00e9 diety, ale v\u017edycky jsem m\u011bl hlad a byl podr\u00e1\u017ed\u011bn\u00fd. Se Slimella FIT jsem zhubul 9 kilogram\u016f za \u010dty\u0159i m\u011bs\u00edce, ani\u017e bych musel dodr\u017eovat p\u0159\u00edsnou dietu. C\u00edt\u00edm se v\u00fdborn\u011b, m\u00e1m v\u00edce energie a kone\u010dn\u011b vid\u00edm v\u00fdsledky bez jojoefektu.&#8220;<\/em><\/p>\n<\/blockquote>\n<p class=\"font-claude-response-body break-words whitespace-normal leading-[1.7]\">Dal\u0161\u00ed u\u017eivatel\u00e9 \u010dasto zmi\u0148uj\u00ed, \u017ee oce\u0148uj\u00ed snadn\u00e9 u\u017e\u00edv\u00e1n\u00ed kapsl\u00ed, absenci nep\u0159\u00edjemn\u00fdch vedlej\u0161\u00edch \u00fa\u010dink\u016f a skute\u010dnost, \u017ee produkt pom\u00e1h\u00e1 nejen s hubnut\u00edm, ale tak\u00e9 se celkov\u00fdm pocitem pohody a vitality.<\/p>\n<h2 class=\"text-text-100 mt-3 -mb-1 text-[1.125rem] font-bold\">Mo\u017en\u00e9 ne\u017e\u00e1douc\u00ed \u00fa\u010dinky<\/h2>\n<p class=\"font-claude-response-body break-words whitespace-normal leading-[1.7]\">Slimella FIT je vyrobena z p\u0159\u00edrodn\u00edch ingredienc\u00ed a p\u0159i dodr\u017een\u00ed doporu\u010den\u00e9ho d\u00e1vkov\u00e1n\u00ed je obecn\u011b velmi dob\u0159e sn\u00e1\u0161ena. V\u011bt\u0161ina u\u017eivatel\u016f nehl\u00e1s\u00ed \u017e\u00e1dn\u00e9 vedlej\u0161\u00ed \u00fa\u010dinky. V n\u011bkter\u00fdch p\u0159\u00edpadech se v\u0161ak mohou objevit m\u00edrn\u00e9 reakce, zejm\u00e9na na za\u010d\u00e1tku u\u017e\u00edv\u00e1n\u00ed:<\/p>\n<ul class=\"[li_&amp;]:mb-0 [li_&amp;]:mt-1 [li_&amp;]:gap-1 [&amp;:not(:last-child)_ul]:pb-1 [&amp;:not(:last-child)_ol]:pb-1 list-disc flex flex-col gap-1 pl-8 mb-3\">\n<li class=\"whitespace-normal break-words pl-2\"><strong>M\u00edrn\u00e9 tr\u00e1vic\u00ed pot\u00ed\u017ee<\/strong> &#8211; u citliv\u00fdch jedinc\u016f m\u016f\u017ee doj\u00edt k lehk\u00fdm \u017ealude\u010dn\u00edm obt\u00ed\u017e\u00edm, kter\u00e9 obvykle vymiz\u00ed po n\u011bkolika dnech u\u017e\u00edv\u00e1n\u00ed<\/li>\n<li class=\"whitespace-normal break-words pl-2\"><strong>Zv\u00fd\u0161en\u00e1 bd\u011blost<\/strong> &#8211; d\u00edky obsahu p\u0159\u00edrodn\u00edho kofeinu z guarany mohou n\u011bkte\u0159\u00ed lid\u00e9 poci\u0165ovat zv\u00fd\u0161enou pozornost, proto se doporu\u010duje neu\u017e\u00edvat kapsle t\u011bsn\u011b p\u0159ed span\u00edm<\/li>\n<li class=\"whitespace-normal break-words pl-2\"><strong>Alergick\u00e9 reakce<\/strong> &#8211; vz\u00e1cn\u011b se mohou objevit alergick\u00e9 reakce u osob citliv\u00fdch na n\u011bkterou ze slo\u017eek produktu<\/li>\n<\/ul>\n<p class=\"font-claude-response-body break-words whitespace-normal leading-[1.7]\">Pokud zaznamen\u00e1te jak\u00e9koli neobvykl\u00e9 p\u0159\u00edznaky nebo vedlej\u0161\u00ed \u00fa\u010dinky, doporu\u010duje se sn\u00ed\u017eit d\u00e1vkov\u00e1n\u00ed nebo konzultovat u\u017e\u00edv\u00e1n\u00ed s l\u00e9ka\u0159em. Slimella FIT nen\u00ed vhodn\u00e1 pro t\u011bhotn\u00e9 a koj\u00edc\u00ed \u017eeny, d\u011bti a osoby s v\u00e1\u017en\u00fdmi zdravotn\u00edmi probl\u00e9my bez p\u0159edchoz\u00ed konzultace s odborn\u00edkem.<\/p>\n<h2 class=\"text-text-100 mt-3 -mb-1 text-[1.125rem] font-bold\">Bezpe\u010dnostn\u00ed opat\u0159en\u00ed<\/h2>\n<p class=\"font-claude-response-body break-words whitespace-normal leading-[1.7]\">Pro bezpe\u010dn\u00e9 a \u00fa\u010dinn\u00e9 u\u017e\u00edv\u00e1n\u00ed Slimella FIT je d\u016fle\u017eit\u00e9 dodr\u017eovat n\u00e1sleduj\u00edc\u00ed doporu\u010den\u00ed:<\/p>\n<ul class=\"[li_&amp;]:mb-0 [li_&amp;]:mt-1 [li_&amp;]:gap-1 [&amp;:not(:last-child)_ul]:pb-1 [&amp;:not(:last-child)_ol]:pb-1 list-disc flex flex-col gap-1 pl-8 mb-3\">\n<li class=\"whitespace-normal break-words pl-2\">Nep\u0159ekra\u010dujte doporu\u010den\u00e9 denn\u00ed d\u00e1vkov\u00e1n\u00ed<\/li>\n<li class=\"whitespace-normal break-words pl-2\">Pokud u\u017e\u00edv\u00e1te l\u00e9ky na chronick\u00e1 onemocn\u011bn\u00ed, pora\u010fte se s l\u00e9ka\u0159em p\u0159ed zah\u00e1jen\u00edm u\u017e\u00edv\u00e1n\u00ed<\/li>\n<li class=\"whitespace-normal break-words pl-2\">Produkt nen\u00ed ur\u010den pro d\u011bti mlad\u0161\u00ed 18 let<\/li>\n<li class=\"whitespace-normal break-words pl-2\">T\u011bhotn\u00e9 a koj\u00edc\u00ed \u017eeny by nem\u011bly Slimella FIT u\u017e\u00edvat<\/li>\n<li class=\"whitespace-normal break-words pl-2\">Skladujte na such\u00e9m a chladn\u00e9m m\u00edst\u011b mimo dosah d\u011bt\u00ed<\/li>\n<li class=\"whitespace-normal break-words pl-2\">Nevystavujte produkt p\u0159\u00edm\u00e9mu slune\u010dn\u00edmu z\u00e1\u0159en\u00ed<\/li>\n<li class=\"whitespace-normal break-words pl-2\">Zkontrolujte datum spot\u0159eby p\u0159ed pou\u017eit\u00edm<\/li>\n<\/ul>\n<p class=\"font-claude-response-body break-words whitespace-normal leading-[1.7]\">Slimella FIT je dopln\u011bk stravy a nem\u011bl by nahrazovat vyv\u00e1\u017eenou stravu a zdrav\u00fd \u017eivotn\u00ed styl. Nejlep\u0161\u00edch v\u00fdsledk\u016f dos\u00e1hnete kombinac\u00ed u\u017e\u00edv\u00e1n\u00ed kapsl\u00ed s pravideln\u00fdm pohybem a spr\u00e1vn\u00fdmi stravovac\u00edmi n\u00e1vyky.<\/p>\n<h2 class=\"text-text-100 mt-3 -mb-1 text-[1.125rem] font-bold\">N\u00e1vod k pou\u017eit\u00ed<\/h2>\n<p class=\"font-claude-response-body break-words whitespace-normal leading-[1.7]\">Pro dosa\u017een\u00ed optim\u00e1ln\u00edch v\u00fdsledk\u016f je d\u016fle\u017eit\u00e9 dodr\u017eovat spr\u00e1vn\u00e9 d\u00e1vkov\u00e1n\u00ed a re\u017eim u\u017e\u00edv\u00e1n\u00ed Slimella FIT:<\/p>\n<p class=\"font-claude-response-body break-words whitespace-normal leading-[1.7]\"><strong>Doporu\u010den\u00e9 d\u00e1vkov\u00e1n\u00ed:<\/strong><\/p>\n<ul class=\"[li_&amp;]:mb-0 [li_&amp;]:mt-1 [li_&amp;]:gap-1 [&amp;:not(:last-child)_ul]:pb-1 [&amp;:not(:last-child)_ol]:pb-1 list-disc flex flex-col gap-1 pl-8 mb-3\">\n<li class=\"whitespace-normal break-words pl-2\">2 kapsle denn\u011b<\/li>\n<li class=\"whitespace-normal break-words pl-2\">1 kapsle r\u00e1no 30 minut p\u0159ed sn\u00eddan\u00ed<\/li>\n<li class=\"whitespace-normal break-words pl-2\">1 kapsle v poledne 30 minut p\u0159ed ob\u011bdem<\/li>\n<li class=\"whitespace-normal break-words pl-2\">Zap\u00edt dostate\u010dn\u00fdm mno\u017estv\u00edm vody (nejm\u00e9n\u011b 250 ml)<\/li>\n<\/ul>\n<p class=\"font-claude-response-body break-words whitespace-normal leading-[1.7]\">Kapsle se u\u017e\u00edvaj\u00ed s j\u00eddlem nebo p\u0159ed j\u00eddlem, aby se maximalizoval jejich \u00fa\u010dinek na metabolismus a spalov\u00e1n\u00ed tuk\u016f. Doporu\u010duje se u\u017e\u00edvat Slimella FIT pravideln\u011b po dobu minim\u00e1ln\u011b 8-12 t\u00fddn\u016f pro dosa\u017een\u00ed viditeln\u00fdch a trval\u00fdch v\u00fdsledk\u016f.<\/p>\n<p class=\"font-claude-response-body break-words whitespace-normal leading-[1.7]\">V pr\u016fb\u011bhu u\u017e\u00edv\u00e1n\u00ed je d\u016fle\u017eit\u00e9 p\u00edt dostatek vody &#8211; minim\u00e1ln\u011b 2 litry denn\u011b. Hydratace podporuje detoxikaci organismu a pom\u00e1h\u00e1 \u00fa\u010dinn\u00fdm l\u00e1tk\u00e1m z kapsl\u00ed fungovat efektivn\u011bji. Rovn\u011b\u017e se doporu\u010duje omezit konzumaci alkoholu a vysoce zpracovan\u00fdch potravin.<\/p>\n<h2 class=\"text-text-100 mt-3 -mb-1 text-[1.125rem] font-bold\">Cena v \u010cesk\u00e9 republice<\/h2>\n<p class=\"font-claude-response-body break-words whitespace-normal leading-[1.7]\">Slimella FIT je pr\u00e9miov\u00fd produkt vyr\u00e1b\u011bn\u00fd z kvalitn\u00edch p\u0159\u00edrodn\u00edch ingredienc\u00ed podle p\u0159\u00edsn\u00fdch standard\u016f. Investice do zdrav\u00e9ho hubnut\u00ed se vyplat\u00ed nejen d\u00edky viditeln\u00fdm v\u00fdsledk\u016fm, ale p\u0159edev\u0161\u00edm d\u00edky dlouhodob\u00e9mu p\u0159\u00ednosu pro zdrav\u00ed a celkovou kondici.<\/p>\n<p class=\"font-claude-response-body break-words whitespace-normal leading-[1.7]\">Aktu\u00e1ln\u00ed cenov\u00e9 nab\u00eddky a zv\u00fdhodn\u011bn\u00e9 bal\u00ed\u010dky najdete p\u0159\u00edmo na ofici\u00e1ln\u00edch str\u00e1nk\u00e1ch v\u00fdrobce. \u010casto jsou k dispozici speci\u00e1ln\u00ed akce a slevy p\u0159i n\u00e1kupu v\u011bt\u0161\u00edho mno\u017estv\u00ed balen\u00ed, co\u017e v\u00fdrazn\u011b sni\u017euje cenu za jednu k\u016fru a je ekonomicky v\u00fdhodn\u011bj\u0161\u00ed pro dlouhodob\u00e9 u\u017e\u00edv\u00e1n\u00ed.<\/p>\n<h2 class=\"text-text-100 mt-3 -mb-1 text-[1.125rem] font-bold\">Kde koupit Slimella FIT?<\/h2>\n<p class=\"font-claude-response-body break-words whitespace-normal leading-[1.7]\">Slimella FIT nen\u00ed dostupn\u00e1 v b\u011b\u017en\u00fdch l\u00e9k\u00e1rn\u00e1ch ani kamenn\u00fdch prodejn\u00e1ch. Tento prodejn\u00ed model chr\u00e1n\u00ed z\u00e1kazn\u00edky p\u0159ed pad\u011blan\u00fdmi produkty a zaji\u0161\u0165uje, \u017ee obdr\u017e\u00ed origin\u00e1ln\u00ed a kvalitn\u00ed zbo\u017e\u00ed p\u0159\u00edmo od v\u00fdrobce.<\/p>\n<p class=\"font-claude-response-body break-words whitespace-normal leading-[1.7]\"><strong>Nejbezpe\u010dn\u011bj\u0161\u00ed a nejspolehliv\u011bj\u0161\u00ed zp\u016fsob n\u00e1kupu je p\u0159\u00edmo na ofici\u00e1ln\u00edm webu v\u00fdrobce.<\/strong> N\u00e1kup p\u0159es ofici\u00e1ln\u00ed str\u00e1nky p\u0159in\u00e1\u0161\u00ed n\u011bkolik v\u00fdhod:<\/p>\n<ul class=\"[li_&amp;]:mb-0 [li_&amp;]:mt-1 [li_&amp;]:gap-1 [&amp;:not(:last-child)_ul]:pb-1 [&amp;:not(:last-child)_ol]:pb-1 list-disc flex flex-col gap-1 pl-8 mb-3\">\n<li class=\"whitespace-normal break-words pl-2\">Z\u00e1ruka origin\u00e1ln\u00edho produktu vysok\u00e9 kvality<\/li>\n<li class=\"whitespace-normal break-words pl-2\">P\u0159\u00edstup k aktu\u00e1ln\u00edm akc\u00edm a slevov\u00fdm nab\u00eddk\u00e1m<\/li>\n<li class=\"whitespace-normal break-words pl-2\">Mo\u017enost vyu\u017e\u00edt mno\u017estevn\u00ed slevy p\u0159i n\u00e1kupu v\u00edce balen\u00ed<\/li>\n<li class=\"whitespace-normal break-words pl-2\">Rychl\u00e9 doru\u010den\u00ed po cel\u00e9 \u010cesk\u00e9 republice<\/li>\n<li class=\"whitespace-normal break-words pl-2\">Z\u00e1kaznick\u00fd servis a podpora p\u0159i dotazech<\/li>\n<li class=\"whitespace-normal break-words pl-2\">Ochrana osobn\u00edch \u00fadaj\u016f a bezpe\u010dn\u00e1 platba<\/li>\n<\/ul>\n<p class=\"font-claude-response-body break-words whitespace-normal leading-[1.7]\">V\u00fdrobce pravideln\u011b nab\u00edz\u00ed zv\u00fdhodn\u011bn\u00e9 bal\u00ed\u010dky, kter\u00e9 umo\u017e\u0148uj\u00ed u\u0161et\u0159it p\u0159i n\u00e1kupu k\u00fary na del\u0161\u00ed obdob\u00ed. Doporu\u010duje se objednat si dostate\u010dn\u00e9 mno\u017estv\u00ed pro minim\u00e1ln\u011b t\u0159\u00edm\u011bs\u00ed\u010dn\u00ed u\u017e\u00edv\u00e1n\u00ed, abyste mohli pln\u011b vyu\u017e\u00edt \u00fa\u010dink\u016f produktu a dos\u00e1hnout trval\u00fdch v\u00fdsledk\u016f.<\/p>\n<h2 class=\"text-text-100 mt-3 -mb-1 text-[1.125rem] font-bold\">V\u00fdhody u\u017e\u00edv\u00e1n\u00ed<\/h2>\n<p class=\"font-claude-response-body break-words whitespace-normal leading-[1.7]\">Slimella FIT nab\u00edz\u00ed komplexn\u00ed p\u0159\u00edstup k hubnut\u00ed a p\u0159in\u00e1\u0161\u00ed \u0159adu benefit\u016f, kter\u00e9 pozitivn\u011b ovliv\u0148uj\u00ed nejen v\u00e1hu, ale celkov\u00e9 zdrav\u00ed:<\/p>\n<ul class=\"[li_&amp;]:mb-0 [li_&amp;]:mt-1 [li_&amp;]:gap-1 [&amp;:not(:last-child)_ul]:pb-1 [&amp;:not(:last-child)_ol]:pb-1 list-disc flex flex-col gap-1 pl-8 mb-3\">\n<li class=\"whitespace-normal break-words pl-2\"><strong>P\u0159irozen\u00e9 spalov\u00e1n\u00ed tuk\u016f<\/strong> &#8211; podpora termogeneze a metabolismu bez drastick\u00fdch z\u00e1sah\u016f do organismu<\/li>\n<li class=\"whitespace-normal break-words pl-2\"><strong>Kontrola chuti k j\u00eddlu<\/strong> &#8211; regulace apetitu a sn\u00ed\u017een\u00ed chut\u00ed na nezdrav\u00e9 sva\u010diny<\/li>\n<li class=\"whitespace-normal break-words pl-2\"><strong>Zv\u00fd\u0161en\u00e1 energie<\/strong> &#8211; pocit vitality a motivace b\u011bhem cel\u00e9ho dne<\/li>\n<li class=\"whitespace-normal break-words pl-2\"><strong>Zlep\u0161en\u00e9 tr\u00e1ven\u00ed<\/strong> &#8211; podpora zdrav\u00e9 funkce tr\u00e1vic\u00edho syst\u00e9mu<\/li>\n<li class=\"whitespace-normal break-words pl-2\"><strong>Detoxika\u010dn\u00ed \u00fa\u010dinky<\/strong> &#8211; pomoc p\u0159i odstra\u0148ov\u00e1n\u00ed \u0161kodliv\u00fdch l\u00e1tek z t\u011bla<\/li>\n<li class=\"whitespace-normal break-words pl-2\"><strong>Snadn\u00e9 u\u017e\u00edv\u00e1n\u00ed<\/strong> &#8211; pohodln\u00e9 kapsle bez nutnosti slo\u017eit\u00fdch p\u0159\u00edprav<\/li>\n<li class=\"whitespace-normal break-words pl-2\"><strong>P\u0159\u00edrodn\u00ed slo\u017een\u00ed<\/strong> &#8211; bez um\u011bl\u00fdch l\u00e1tek a chemick\u00fdch aditiv<\/li>\n<li class=\"whitespace-normal break-words pl-2\"><strong>Dlouhodob\u00e9 v\u00fdsledky<\/strong> &#8211; podpora trval\u00fdch zm\u011bn bez jojoefektu<\/li>\n<\/ul>\n<p class=\"font-claude-response-body break-words whitespace-normal leading-[1.7]\">Slimella FIT je vhodn\u00e1 pro v\u0161echny, kte\u0159\u00ed cht\u011bj\u00ed zhubnout zdrav\u00fdm zp\u016fsobem a hledaj\u00ed spolehliv\u00e9ho pomocn\u00edka na sv\u00e9 cest\u011b k vytou\u017een\u00e9mu vzhledu a lep\u0161\u00edmu zdrav\u00ed. D\u00edky p\u0159\u00edrodn\u00edmu slo\u017een\u00ed a komplexn\u00edmu p\u016fsoben\u00ed p\u0159edstavuje ide\u00e1ln\u00ed volbu pro modern\u00ed \u010dlov\u011bka, kter\u00fd chce dos\u00e1hnout v\u00fdsledk\u016f bez kompromis\u016f v oblasti kvality a bezpe\u010dnosti.<\/p>\n","protected":false},"excerpt":{"rendered":"<p>Modern\u00ed \u017eivot pln\u00fd stresu, nedostatku pohybu a nespr\u00e1vn\u00fdch stravovac\u00edch n\u00e1vyk\u016f \u010dasto vede k nadv\u00e1ze, [&hellip;]<\/p>\n","protected":false},"featured_media":352,"comment_status":"open","ping_status":"closed","template":"","meta":[],"product_brand":[],"product_cat":[15],"product_tag":[],"class_list":{"0":"post-350","1":"product","2":"type-product","3":"status-publish","4":"has-post-thumbnail","6":"product_cat-prirodni","8":"first","9":"instock","10":"sale","11":"shipping-taxable","12":"product-type-external"},"aioseo_notices":[],"_links":{"self":[{"href":"https:\/\/medtempl.cz\/pharm\/wp-json\/wp\/v2\/product\/350","targetHints":{"allow":["GET"]}}],"collection":[{"href":"https:\/\/medtempl.cz\/pharm\/wp-json\/wp\/v2\/product"}],"about":[{"href":"https:\/\/medtempl.cz\/pharm\/wp-json\/wp\/v2\/types\/product"}],"replies":[{"embeddable":true,"href":"https:\/\/medtempl.cz\/pharm\/wp-json\/wp\/v2\/comments?post=350"}],"wp:featuredmedia":[{"embeddable":true,"href":"https:\/\/medtempl.cz\/pharm\/wp-json\/wp\/v2\/media\/352"}],"wp:attachment":[{"href":"https:\/\/medtempl.cz\/pharm\/wp-json\/wp\/v2\/media?parent=350"}],"wp:term":[{"taxonomy":"product_brand","embeddable":true,"href":"https:\/\/medtempl.cz\/pharm\/wp-json\/wp\/v2\/product_brand?post=350"},{"taxonomy":"product_cat","embeddable":true,"href":"https:\/\/medtempl.cz\/pharm\/wp-json\/wp\/v2\/product_cat?post=350"},{"taxonomy":"product_tag","embeddable":true,"href":"https:\/\/medtempl.cz\/pharm\/wp-json\/wp\/v2\/product_tag?post=350"}],"curies":[{"name":"wp","href":"https:\/\/api.w.org\/{rel}","templated":true}]}}